 x and q.
4
Suppose 2*o = 3*p + 11, 4*p + 4 = -0. Suppose -o*s + 15 = s. What is the greatest common factor of s and 21?
3
Suppose -3*b - b = -12. Let d be 418/19 - (1 + 0). Calculate the highest common factor of d and b.
3
Suppose -9*a + a = -736. What is the highest common divisor of a and 69?
23
Let c = 58 + -33. Let l = 113 - c. Calculate the highest common divisor of 22 and l.
22
Let c be (-2)/(8/6)*-98. Suppose -204 = -3*g + c. Suppose 4*x = 54 - 2. What is the highest common divisor of x and g?
13
Let l = 103 + -92. Calculate the highest common factor of l and 1.
1
Suppose 2*x = -2*w - 2, -3*x = -3*w - 0*x - 15. Let y be ((-30)/18)/(1/w). Calculate the greatest common divisor of 25 and y.
5
Suppose 4*s = 3*a - 379, -2*s = a - 6*a + 627. What is the highest common factor of a and 25?
25
Let s = 87 + -52. Let v = -22 + 26. Suppose 0*c - 2*c - 24 = -v*o, 0 = o + 2*c - 11. Calculate the greatest common divisor of s and o.
7
Let g be (-6)/5*45/(-3). Suppose -27 = -32*z + 29*z. What is the greatest common divisor of g and z?
9
Let g = -700 + 1232. Suppose -g = -7*w + 3*w. Let h(t) = -5*t - 1. Let d be h(-4). What is the greatest common factor of w and d?
19
Suppose -w + 7*h - 3*h = -5, -20 = -4*w - 2*h. Calculate the highest common factor of w and 5.
5
Let s = 221 + -149. What is the highest common divisor of 24 and s?
24
Let p = 10 + 25. Calculate the greatest common divisor of 280 and p.
35
Let m = -767 + 954. Let y(g) = 5*g - 3. Let o be y(4). Calculate the highest common factor of o and m.
17
Suppose -b + 5*b = 32. What is the highest common divisor of 64 and b?
8
Let b be 330/(-4)*100/(-125). Let i(f) = f**2 + 2*f - 2. Let d be i(-4). What is the greatest common divisor of b and d?
6
Let u = 24 - 17. Let b be 68/7 - (-2)/u. Let r(j) = 18*j - 18. Let l be r(6). What is the greatest common divisor of b and l?
10
Let s be -3*((-20)/(-6) + -1). Let r be (s - 2)*(-1 + 0). Let m(n) = -n**2 + 11*n - 12. Let w be m(r). What is the highest common factor of 6 and w?
6
Let l = -118 - -481. What is the highest common divisor of l and 33?
33
Suppose 0 = 3*u + 9, -3*h - 2*u + 111 = -0*h. Let f = 65 - h. Calculate the greatest common factor of 182 and f.
26
Let b(r) be the second derivative of -r**5/20 + 2*r**4/3 + r**3/2 + 3*r**2 - 2*r. Let y be b(6). Calculate the highest common factor of 12 and y.
12
Let j(z) = z**3 + 7*z**2 + 3*z - 6. Let r be j(-6). Calculate the highest common factor of r and 60.
12
Let t be (-8)/((-2)/((-38)/(-4 + 3))). What is the highest common divisor of t and 19?
19
Suppose 3*v - 287 = -0*v - y, 0 = 5*v - 3*y - 483. Calculate the highest common factor of v and 12.
12
Suppose -5*y + 79 = 3*i, 2*y - 3*i + 11 = 3*y. What is the greatest common divisor of y and 68?
17
Suppose -2*o - 105 = -s + 58, -5*s = 2*o - 827. What is the highest common factor of 15 and s?
15
Let a be (4 + (-33)/6)*-8. Suppose 5*p + t = 4*t - 26, -5*p = 3*t + 14. Let c be p/(-2) - -1*28. Calculate the highest common divisor of c and a.
6
Let a(n) be the third derivative of n**5/15 + n**4/24 + 3*n**2. Let k be a(-2). Calculate the greatest common divisor of 126 and k.
14
Let p be ((-384)/(-28))/((-7)/(-49)). Calculate the greatest common factor of 64 and p.
32
Let n be 40/15*42/4. Suppose -2*y = -y - n. Calculate the highest common factor of y and 7.
7
Suppose -2*i = -w - w + 2, -2*i + w = 0. Let c be i*((1 - 2) + -2). Let j be 47 + c/((-6)/(-4)). Calculate the greatest common divisor of 30 and j.
15
Suppose -16*b = -20*b + 88. What is the greatest common divisor of 88 and b?
22
Let f(k) = -2*k**2 - 65*k - 5. Let g be f(-26). Calculate the greatest common divisor of 37 and g.
37
Let c(g) = 17*g**3 - 2*g. Suppose 0 = 2*h - 4 - 0. Let f be 2/(h*1/2). Let o be c(f). Calculate the highest common factor of 12 and o.
12
Suppose -m + 8 = m. Suppose 55 = 9*a - m*a. Suppose 3*u + 4*s - 149 = 86, 2*u - 4*s = 150. What is the greatest common divisor of u and a?
11
Let y(d) = -d**3 - d**2 - d + 1. Let u be y(2). Let c(b) = -4*b. Let v be c(-7). Let j = u + v. Calculate the highest common divisor of j and 165.
15
Let g(i) = i**2 - 6*i + 3. Let t be g(6). Suppose 147 + 33 = t*a. What is the greatest common factor of a and 24?
12
Let w = -29 - -59. Suppose -3*j = -3*v - 36, -4*v + 56 = 6*j - 2*j. Let s = j + -1. Calculate the highest common divisor of w and s.
6
Let r(z) = 2*z**2 - z. Let o be r(1). Let x be 28 - (o/(-1) + 3). Suppose -4 = 4*g, 5*g + 24 + 33 = 4*u. What is the greatest common factor of x and u?
13
Let l be -2 - (-1 + -2) - -3. Suppose k - 3*a - 26 = 0, -l*k + 51 = 2*a - 81. Calculate the highest common divisor of 4 and k.
4
Suppose 5*p - 5*u + 16 = 2*p, -8 = 2*p - 2*u. Let f = 1 - p. Suppose 5*l - 240 = f*l. What is the greatest common divisor of l and 15?
15
Suppose -2*k = -4*t - 58, 3*t + 2*t - 5*k = -80. Let b be (7/(-14))/((-2)/172). Let w = t + b. What is the highest common divisor of 6 and w?
6
Suppose 4*r + 13 = -h, 4*h = -h + 2*r - 65. Let p = h - -7. Let u be (-1)/p - 350/(-60). What is the greatest common factor of u and 6?
6
Let v be ((-2)/(-6))/(2/(-102)). Let t = v + 38. What is the highest common factor of 7 and t?
7
Let t(z) = z**2 + z + 4. Let f be t(-3). Let o(p) = -p + 2. Let k be o(4). Let v be 41 + k/2*1. What is the highest common divisor of f and v?
10
Let r = 59 - 28. Suppose -d = -2*f - 41, -2*d + 5*f = -r - 49. What is the greatest common factor of 9 and d?
9
Suppose -g + 2 = 0, 0*w + 2*g + 25 = w. Let c = 42 - w. Suppose 0 = -0*k + k - 143. What is the greatest common divisor of k and c?
13
Let b = -36 + 25. Let g = -13 - 7. Let t = b - g. Calculate the greatest common divisor of t and 18.
9
Suppose -3*f = -2*f - h - 75, f + 5*h = 57. Let j = f - 42. Calculate the greatest common divisor of j and 15.
15
Suppose -3*t = -t - 36. What is the greatest common divisor of t and 18?
18
Let y(l) = -l**3 + 3*l**2 + l. Let f be y(3). Suppose 0 - 42 = -f*t. Let o be 15/(-10)*-3*28. Calculate the highest common factor of t and o.
14
Suppose 36 = 5*w - 29. Calculate the greatest common factor of w and 26.
13
Suppose -f + 0*v - 3*v + 57 = 0, -2*v = -f + 67. Suppose 3*d = -d + 36. Calculate the highest common divisor of f and d.
9
Suppose -v + 4*p + 19 = 3*p, -5*v = 5*p - 95. Calculate the highest common divisor of v and 133.
19
Suppose -4*f + 50 = -58. Suppose 5*y - f = 18. Calculate the greatest common factor of 27 and y.
9
Let p = -362 - -604. Let m = -283 + 305. Calculate the greatest common factor of m and p.
22
Let w(b) = 4*b**2 - 1. Let t be w(-2). Suppose 2*i + 3*i = t. Let q be (13/i)/((-1)/(-3)). What is the greatest common divisor of q and 13?
13
Suppose 6*y = 3*y + 48. Let c = -2 + y. What is the greatest common divisor of 56 and c?
14
Let x(t) = -t**3 - 4*t**2 + 2*t - 1. Let z be x(-5). What is the greatest common divisor of z and 14?
14
Let j(u) = -8*u - 8. Let q be j(-5). What is the greatest common factor of 4 and q?
4
Suppose -23 = -k + 5. Suppose 20 = 4*y - k. Calculate the greatest common divisor of y and 96.
12
Let q be (-338)/(-6) + (-8)/24. What is the highest common divisor of q and 8?
8
Let m be 1/3 + (-66)/(-18). Suppose 2*g - 4*g + 357 = 5*d, -5*d = m*g - 709. Calculate the highest common divisor of 16 and g.
16
Suppose u = -4*r, -4*r - 16 = -2*u - 4. Calculate the highest common divisor of u and 2.
2
Let k(p) = -p**2 - p - 9. Let b be k(0). Let z be (-1)/(-3) - 96/b. What is the highest common factor of z and 22?
11
Suppose 8 = 2*m + 2*z, -m + 0*z = -4*z + 6. Suppose 3*f - v - 61 = 0, m*f - f + 2*v - 32 = 0. Calculate the greatest common factor of f and 33.
11
Suppose 0 = -5*q - 1 + 61. Let j = -21 - -33. Calculate the highest common factor of j and q.
12
Suppose -7*m + 225 = -2*m. Calculate the greatest common factor of 30 and m.
15
Let o(a) = a**3 - 9*a**2 - 9*a + 6. Let s be o(10). Suppose -2*z - s = -6*z. Calculate the greatest common divisor of 28 and z.
4
Let t(j) = -j**3 - 3*j**2 - j - 13. Let g(r) = -r**2 + 1. Let l(x) = -4*g(x) - t(x). Let k be l(-7). What is the highest common factor of k and 14?
2
Suppose 5*m = 5*f - 295, -3*m + 212 = 4*f - m. Suppose 3*z + 2*t = 56, 3*t - 9 + 2 = -z. What is the highest common factor of f and z?
11
Let g(l) = -l**3 - 6*l**2 - 12*l - 2. Let s be g(-6). Calculate the grea